divide 11372468?
False
Is 35 a factor of 5289842277?
False
Is 13807195 a multiple of 9?
False
Does 102 divide 4095647208?
True
Is 65484768 a multiple of 998?
True
Does 694 divide 706903542?
True
Is 852140764 a multiple of 3?
False
Does 59 divide 48915401?
False
Does 163 divide 638315172?
True
Is 96 a factor of 90239520?
True
Is 6 a factor of 17235354?
True
Is 81157230 a multiple of 717?
True
Does 13 divide 427263603?
True
Is 5626472283 a multiple of 4890?
False
Is 19 a factor of 622604996?
True
Is 37197785 a multiple of 17?
True
Is 288 a factor of 17089344?
True
Is 980 a factor of 178410641?
False
Does 2772 divide 1980205920?
True
Is 169901331 a multiple of 509?
False
Is 37703340 a multiple of 41?
False
Is 96 a factor of 149549542?
False
Is 316 a factor of 23591928?
True
Does 12 divide 311621688?
True
Is 34 a factor of 732224?
True
Is 23 a factor of 109738458?
False
Does 5 divide 5930115?
True
Is 2213 a factor of 309311948?
False
Does 33 divide 66149562?
False
Is 1251 a factor of 1118914416?
True
Does 4299 divide 2893751478?
True
Does 9 divide 24325704?
True
Is 117966121 a multiple of 91?
True
Does 12 divide 559226196?
True
Is 2035617 a multiple of 3?
True
Is 480761018 a multiple of 551?
False
Is 364 a factor of 110378790?
False
Is 11 a factor of 301859283?
True
Is 25 a factor of 88183225?
True
Is 5360306094 a multiple of 201?
False
Does 1095 divide 145502505?
True
Does 1035 divide 334888740?
True
Is 179 a factor of 22799853?
False
Does 12 divide 1016733769?
False
Is 1237 a factor of 1650423933?
False
Is 47810800 a multiple of 20?
True
Is 326 a factor of 125506311?
False
Is 1169 a factor of 1685114669?
True
Does 14 divide 1605324?
True
Does 16 divide 78029776?
True
Is 51293496 a multiple of 51?
False
Does 69 divide 22912850?
False
Is 489248100 a multiple of 475?
True
Does 6928 divide 5344723744?
False
Is 5687926 a multiple of 298?
True
Is 35660464 a multiple of 48?
False
Does 5167 divide 66328779?
True
Is 64980483 a multiple of 20?
False
Is 2265 a factor of 785221140?
True
Does 268 divide 14109932?
True
Does 4681 divide 281585652?
False
Does 4786 divide 27184480?
True
Is 4210580 a multiple of 12?
False
Does 1513 divide 18231650?
True
Is 42461721 a multiple of 747?
True
Is 807527155 a multiple of 317?
False
Is 100258130 a multiple of 81?
False
Does 83 divide 720385718?
True
Is 215 a factor of 23240009?
False
Is 1863 a factor of 107934420?
False
Does 450 divide 47537692?
False
Does 820 divide 553071140?
True
Is 20212236 a multiple of 132?
True
Does 12 divide 85505428?
False
Is 52 a factor of 101807628?
True
Is 89 a factor of 627516667?
False
Is 3716 a factor of 139862808?
True
Does 266 divide 1966275828?
False
Is 146 a factor of 2342725782?
True
Does 59 divide 9089813?
False
Does 52 divide 7956913?
False
Is 1709704 a multiple of 193?
False
Does 6 divide 4205650?
False
Is 94326033 a multiple of 1398?
False
Is 3465676885 a multiple of 106?
False
Does 15 divide 154871910?
True
Is 104843120 even?
True
Does 6 divide 84326408?
False
Does 31 divide 2912879877?
True
Is 2551 a factor of 106797615?
True
Is 173796864 a multiple of 96?
True
Is 932705536 a multiple of 896?
True
Is 372514680 a multiple of 15?
True
Does 15 divide 19007460?
True
Does 34 divide 419072848?
True
Does 611 divide 1471187081?
False
Does 27 divide 1111257255?
False
Is 99 a factor of 23748851?
False
Is 2655761 a multiple of 29?
False
Does 18 divide 24475536?
True
Does 18 divide 26468288?
False
Is 14452836 a multiple of 229?
False
Does 1013 divide 358079625?
False
Is 92278791 a multiple of 529?
False
Is 2653244864 a multiple of 32?
True
Does 11 divide 1372002994?
False
Is 22552278 a multiple of 266?
True
Does 70 divide 578332300?
True
Is 126 a factor of 304331832?
True
Is 794033737 a multiple of 312?
False
Is 1821054435 a multiple of 15?
True
Is 4440285053 a multiple of 702?
False
Does 421 divide 101258229?
False
Is 19942254 a multiple of 323?
False
Does 3756 divide 209202917?
False
Is 111475588 a multiple of 466?
True
Is 7 a factor of 57727899?
False
Is 69 a factor of 2294820285?
True
Is 90 a factor of 7350660?
True
Is 273694936 a multiple of 712?
True
Is 36 a factor of 54006144?
False
Does 715 divide 198416790?
True
Is 37119170 a multiple of 10?
True
Does 102 divide 43011972?
True
Does 2275 divide 67286419?
False
Does 206 divide 4292010?
True
Is 93922560 a multiple of 24?
True
Is 397284656 a multiple of 128?
False
Is 178 a factor of 907752?
False
Is 9511400 a multiple of 475?
True
Is 36633804 a multiple of 130?
False
Is 4 a factor of 43789600?
True
Is 913603680 a multiple of 1263?
True
Is 59238557 a multiple of 1194?
False
Does 277 divide 65982351?
False
Does 14 divide 3063340728?
True
Is 341 a factor of 2762371420?
False
Does 15 divide 1774199205?
True
Is 699692805 a multiple of 1735?
False
Is 62476322 a multiple of 66?
False
Does 55 divide 1067385?
True
Does 109 divide 38230065?
False
Does 8956 divide 1219690772?
True
Is 8 a factor of 154151998?
False
Is 28909293 a multiple of 21?
True
Does 29 divide 15087395?
True
Is 972853760 a multiple of 23?
False
Is 266 a factor of 17696672?
False
Is 1122608974 a multiple of 8726?
False
Does 333 divide 584014068?
True
Is 1460466113 a multiple of 76?
False
Does 13 divide 9143561?
False
Does 239 divide 792442495?
False
Is 231 a factor of 32919871?
False
Does 12 divide 446617692?
True
Does 274 divide 38405163?
False
Is 1774147287 a multiple of 177?
True
Is 30 a factor of 897539130?
True
Is 13 a factor of 185911115?
True
Is 773958276 a multiple of 1200?
False
Does 181 divide 133683825?
False
Is 16724664 a multiple of 66?
True
Does 87 divide 105403023?
True
Is 1649255663 a multiple of 187?
True
Does 16 divide 907090?
False
Is 10 a factor of 7036010870?
True
Does 290 divide 102186547?
False
Is 677 a factor of 446490978?
True
Does 321 divide 76524609?
False
Does 1283 divide 787874689?
False
Is 24 a factor of 68439671?
False
Is 29 a factor of 3752893?
False
Does 50 divide 152102500?
True
Is 967 a factor of 422340151?
True
Is 89102020 a multiple of 310?
False
Does 1248 divide 20653166?
False
Is 67 a factor of 36598683?
True
Is 929 a factor of 8542155?
True
Is 11035880 a multiple of 70?
False
Is 591 a factor of 156686511?
True
Is 28 a factor of 3688030724?
True
Does 4 divide 81057992?
True
Does 23 divide 123796534?
True
Is 47215168 a multiple of 52?
True
Does 246 divide 756546186?
True
Is 13592249 a multiple of 18?
False
Is 16 a factor of 23016912?
True
Is 3560 a factor of 5793166640?
True
Is 3798888 a multiple of 17?
True
Is 79359021 a multiple of 7?
True
Is 128408800 a multiple of 400?
True
Does 543 divide 45599511?
True
Is 113 a factor of 57491349?
True
Is 1480 a factor of 139290883?
False
Does 203 divide 48751871?
True
Does 149 divide 2212799?
True
Is 61711760 a multiple of 10?
True
Does 9 divide 2817717201?
True
Is 71117222 a multiple of 869?
True
Is 5 a factor of 96117523?
False
Does 553 divide 847579782?
True
Does 11 divide 244898181?
True
Is 6 a factor of 2353182221?
False
Is 499444056 a multiple of 1126?
True
Is 143 a factor of 4863468896?
True
Does 448 divide 9265903?
False
Does 15 divide 20049281?
False
Is 2773364495 a multiple of 467?
False
Is 678 a factor of 137846719?
False
Is 334473293 a multiple of 39?
False
Is 66027073 a multiple of 2974?
False
Is 515 a factor of 72063018?
False
Does 27 divide 5426244?
True
Is 12965855 a multiple of 117?
False
Does 11279 divide 1064816553?
True
Does 249 divide 62721880?
False
Is 3 a factor of 68310176?
False
Is 68 a factor of 211712016?
True
Does 6530 divide 3852742388?
False
Does 34 divide 35268948?
True
Is 75 a factor of 2982236?
False
Is 966769001 a multiple of 4237?
True
Is 138 a factor of 497904?
True
Is 237 a factor of 9031272?
False
Does 244 divide 1671463429?
False
Does 290 divide 366738930?
True
Is 12 a factor of 2158097?
False
Does 53 divide 430893604?
True
Does 4 divide 9532808?
True
Is 643879410 a multiple of 3930?
True
Is 6124855 a multiple of 11?
True
Is 705 a factor of 9007280?
False
Does 6 divide 17876652?
True
Is 253 a factor of 24732228?
False
Is 104389107 a multiple of 379?
True
Is 10770598 a multiple of 19?
False
Does 634 divide 3442546?
False
Is 1581 a factor of 200600442?
True
Is 39492238 a multiple of 302?
True
Is 2169396096 a multiple of 1096?
True
Does 1548 divide 339676092?